{"id":33,"date":"2017-12-07T17:49:29","date_gmt":"2017-12-07T17:49:29","guid":{"rendered":"http:\/\/pecniair.es\/?page_id=33"},"modified":"2023-09-19T10:53:08","modified_gmt":"2023-09-19T08:53:08","slug":"pecniair-malaga-s-l","status":"publish","type":"page","link":"https:\/\/pecniair.es\/","title":{"rendered":"Pecniair M\u00e1laga S.L."},"content":{"rendered":"<p><img loading=\"lazy\" decoding=\"async\" class=\"aligncenter wp-image-201 size-full\" src=\"http:\/\/pecniair.es\/wp-content\/uploads\/2018\/04\/FACHADA-PRINCIPAL.jpg\" alt=\"\" width=\"1041\" height=\"738\" srcset=\"https:\/\/pecniair.es\/wp-content\/uploads\/2018\/04\/FACHADA-PRINCIPAL.jpg 1041w, https:\/\/pecniair.es\/wp-content\/uploads\/2018\/04\/FACHADA-PRINCIPAL-300x213.jpg 300w, https:\/\/pecniair.es\/wp-content\/uploads\/2018\/04\/FACHADA-PRINCIPAL-768x544.jpg 768w, https:\/\/pecniair.es\/wp-content\/uploads\/2018\/04\/FACHADA-PRINCIPAL-1024x726.jpg 1024w\" sizes=\"auto, (max-width: 1041px) 100vw, 1041px\" \/><\/p>\n<p style=\"text-align: center;\">PECNIAIR M\u00c1LAGA S.L.\u00a0es una\u00a0empresa dedicada\u00a0al desarrollo de actividades relacionadas con las instalaciones de Aire\u00a0Acondicionado para fr\u00edo y calor, extracciones de aire viciado, ventilaci\u00f3n en aparcamientos interiores y locales comerciales, todas las labores de mantenimiento y conservaci\u00f3n de dichas instalaciones.<\/p>\n<p style=\"text-align: center;\">Ofrece todos los servicios de instalaciones y de mantenimiento de aire acondicionado. Realiza las instalaciones de acuerdo a las necesidades de cada cliente, desarrollando un estudio de las posibilidades m\u00e1s id\u00f3neas que ofrecen los mejores fabricantes de climatizaci\u00f3n.<\/p>\n<p style=\"text-align: center;\">Ofrece a todos sus clientes un servicio de mantenimiento preventivo, seg\u00fan la normativa vigente.<\/p>\n<p style=\"text-align: center;\">Est\u00e1 homologada por la Consejer\u00eda de Innovaci\u00f3n, Ciencia y Empresa para la realizaci\u00f3n de Instalaciones T\u00e9rmicas en edificios y de Mantenedor-Reparador.<\/p>\n<div id=\"attachment_86\" style=\"width: 160px\" class=\"wp-caption aligncenter\"><img loading=\"lazy\" decoding=\"async\" aria-describedby=\"caption-attachment-86\" class=\"size-thumbnail wp-image-86\" src=\"http:\/\/pecniair.es\/wp-content\/uploads\/2017\/12\/SELLO_EC-150x150.png\" alt=\"\" width=\"150\" height=\"150\" \/><p id=\"caption-attachment-86\" class=\"wp-caption-text\">Sujeto a vigencia y condiciones publicadas en BOJA, aprobadas por la Consejer\u00eda de Empleo, Empresa y Comercio a trav\u00e9s de la Agencia Andaluza de la Energ\u00eda.<\/p><\/div>\n<p style=\"text-align: center;\">\n","protected":false},"excerpt":{"rendered":"<p>PECNIAIR M\u00c1LAGA S.L.\u00a0es una\u00a0empresa dedicada\u00a0al desarrollo de actividades relacionadas con las instalaciones de Aire\u00a0Acondicionado para fr\u00edo y calor, extracciones de aire viciado, ventilaci\u00f3n en aparcamientos interiores y locales comerciales, todas [&hellip;]<\/p>\n","protected":false},"author":1,"featured_media":0,"parent":0,"menu_order":0,"comment_status":"closed","ping_status":"closed","template":"","meta":{"footnotes":""},"class_list":["post-33","page","type-page","status-publish","hentry","post","no-featured-image"],"_links":{"self":[{"href":"https:\/\/pecniair.es\/wp-json\/wp\/v2\/pages\/33","targetHints":{"allow":["GET"]}}],"collection":[{"href":"https:\/\/pecniair.es\/wp-json\/wp\/v2\/pages"}],"about":[{"href":"https:\/\/pecniair.es\/wp-json\/wp\/v2\/types\/page"}],"author":[{"embeddable":true,"href":"https:\/\/pecniair.es\/wp-json\/wp\/v2\/users\/1"}],"replies":[{"embeddable":true,"href":"https:\/\/pecniair.es\/wp-json\/wp\/v2\/comments?post=33"}],"version-history":[{"count":9,"href":"https:\/\/pecniair.es\/wp-json\/wp\/v2\/pages\/33\/revisions"}],"predecessor-version":[{"id":202,"href":"https:\/\/pecniair.es\/wp-json\/wp\/v2\/pages\/33\/revisions\/202"}],"wp:attachment":[{"href":"https:\/\/pecniair.es\/wp-json\/wp\/v2\/media?parent=33"}],"curies":[{"name":"wp","href":"https:\/\/api.w.org\/{rel}","templated":true}]}}